emainder when 42 is divided by s(w)?
9
Suppose -n - 8 = -5. What is the remainder when 2/6 + (-53)/n is divided by 5?
3
Suppose -5*z + 1 = -14. Suppose 3 - 27 = -2*c. What is the remainder when 8/6*54/c is divided by z?
0
Let c(p) = p**2 - 6*p + 3. Let w be c(5). What is the remainder when (-20)/(-6) + w/(-3) + 26 is divided by 21?
9
Let y = -155 + 159. Let c be -1*1/(1/(-2)). Suppose 0 = -c*h + 42 + y. What is the remainder when h is divided by 13?
10
Suppose -3*n + 5 = 2*d, 2*n + 3*d = -0*n. Suppose 169 = n*k - s + 5*s, 5*s + 31 = k. What is the remainder when k is divided by 26?
25
Suppose m = -0 + 5. Let g be 3/(-4) + (-3)/(-4). Suppose -3*v + g = -6. What is the remainder when m is divided by v?
1
What is the remainder when (-3 - -12)*-1 + 456 is divided by 41?
37
What is the remainder when (-2)/7 + 18/14 - -166 is divided by 85?
82
Let s = 600 - 332. Calculate the remainder when s is divided by 17.
13
Suppose 5*f + 308 = 4*h + 763, -179 = -2*f + h. Suppose -5*x = 25, -5*v + 7*v - 80 = -2*x. Calculate the remainder when f is divided by v.
42
Suppose 4*m - 104 = -2*p, -5*p + 278 + 42 = -5*m. Suppose -p = -4*f + 2*n, 4*f + 2*n + n - 40 = 0. Calculate the remainder when 37 is divided by f.
11
Let q(z) = -z - 4. Let j be q(-4). Let t be (-1 + j - 14) + 3. Calculate the remainder when 49 is divided by t/(-24)*(20 + 0).
9
Suppose -3*t = -4*x + 4 - 0, -3*t = 5*x - 32. Suppose 3*k - 2*f = 44, 3 = k + 2*f - 17. What is the remainder when k is divided by x?
0
What is the remainder when ((-12)/(-18))/(10/3945) + -3 is divided by 66?
62
Suppose -75 = -7*c + 107. Calculate the remainder when c is divided by (-267)/(-18) - 2/(3*-4).
11
Suppose 2*v = 4493 - 4421. Calculate the remainder when 220 is divided by v.
4
Let g be ((-96)/10)/((-6)/20). What is the remainder when g/(-48)*(-954)/4 is divided by 41?
36
Let j(q) = 2*q + 2. Let p be 4/(-10) - 189/(-35). Let x = 8 - p. Calculate the remainder when 30 is divided by j(x).
6
Let m(w) = 6*w**2 - 4*w + 1. Let u(x) = 3*x. What is the remainder when m(-2) is divided by u(2)?
3
Let n(t) = t**3 - t + 40. Suppose g + 28 = 5*v + 2*g, -40 = -5*v + 5*g. Calculate the remainder when n(0) is divided by v.
4
Suppose 2*z = y + 55, 2*z - 17 = -5*y + 44. Suppose -2*v + z = x, 6 = -x + 5*v - 1. What is the remainder when 88 is divided by x?
16
Let f = 2968 + -2622. Calculate the remainder when f is divided by 118.
110
What is the remainder when -3*1/(-3) + (8 - -51) is divided by 11?
5
Let m(s) = -3*s + 130. Calculate the remainder when m(-14) is divided by 16.
12
Let i(k) = k**3 - 9*k**2 - 16*k - 54. Calculate the remainder when 551 is divided by i(11).
11
Suppose 6*w - 60 = -0*w. Suppose -w*p - 138 = -12*p. What is the remainder when p is divided by 18?
15
Suppose -2*p - 3*d + 2*d = -85, 4*p - 3*d - 165 = 0. What is the remainder when 32 is divided by 24*(33/p + (-2)/7)?
8
What is the remainder when 186 is divided by ((-448)/(-28))/(25/23 - 1)?
2
Let a(i) = i**3 - 6*i**2 - 6*i + 2. What is the remainder when 16 is divided by a(7)?
7
Let i(m) be the first derivative of m**4/4 - 10*m**3/3 + m**2 + 8*m + 3. Calculate the remainder when 138 is divided by i(10).
26
Let y = -282 - -148. Let h = -3 + 25. What is the remainder when -3 + y/((-10)/5) is divided by h?
20
Suppose -4*x - 248 + 304 = 0. Suppose 0 = 3*l - 7*l + 4624. What is the remainder when l/28 + (-4)/14 is divided by x?
13
Let b = 657 - 590. What is the remainder when b is divided by 65?
2
Let i(x) = x**2 + 2*x - 1. Let f be i(-2). What is the remainder when 161 is divided by (-1467)/(-36) + f/(-4)?
38
Suppose 63*t = 59*t + 92. Calculate the remainder when t is divided by 15.
8
Suppose 4*v + 57 = 3*o, -14*o - 5*v - 8 = -15*o. What is the remainder when o is divided by 6?
5
Let w(t) = -2*t - 3. Suppose -36 = 6*z - 2*z. What is the remainder when 28 is divided by w(z)?
13
Let p = 2001 - 1954. Calculate the remainder when 67 is divided by p.
20
Let y(q) = q**3 + 6*q**2 - 5*q + 8. Let f be y(-6). Let s = f - 9. Suppose 4*l - 34 = 5*o, -l + 52 = 4*o + 12. Calculate the remainder when s is divided by l.
13
Let q = 5 - 1. Suppose -4*d - 1 = -c + q, 5*c + 4*d - 1 = 0. Let a = 34 + c. What is the remainder when a is divided by 9?
8
Suppose -57 = -63*k + 384. Calculate the remainder when 444 is divided by k.
3
Suppose 0 = 4*m + 1 - 9. Suppose 3*u - 3*j = 93, 3*u = m*j - 7*j + 125. Calculate the remainder when 103 is divided by u.
33
Suppose -3*v + 6 = -c - 2*c, -2*c - 19 = -5*v. Suppose -23 - v = -n. What is the remainder when 81 is divided by n?
25
Let y = -388 - -493. What is the remainder when y is divided by 26?
1
Suppose 5*o + 0*w = 2*w + 507, 0 = -3*o - 3*w + 321. What is the remainder when o is divided by 1/((42/196)/((-3)/(-2)))?
5
Let c(o) = 2*o**2 + 23*o + 15. Let h = 9 - 20. Let d be c(h). Suppose 0 = 5*v, -d - 51 = -5*b - 5*v. Calculate the remainder when 18 is divided by b.
7
Let u(j) = 15*j + 29. Let n(l) = -16*l - 28. Let z(o) = -3*n(o) - 4*u(o). What is the remainder when 54 is divided by z(-4)?
6
Let r(z) = -z**3 - 8*z**2 - z + 4. Suppose 0 = 4*n - 12, -i + 33 = 2*i + 4*n. Calculate the remainder when r(-8) is divided by i.
5
Suppose k - z + 53 = 3*k, -k + z = -19. What is the remainder when 89 - (-2 - (-2 - 1)) is divided by k?
16
Suppose -5*h + 4*z = -8*h + 1197, 0 = -2*z. What is the remainder when h is divided by 29?
22
Let u = -1046 - -1065. Calculate the remainder when 207 is divided by u.
17
Suppose 538 - 511 = m. Calculate the remainder when 52 is divided by m.
25
Suppose 1193 = 3*i - r, 2*i - 5*r = 453 + 325. What is the remainder when i is divided by 130?
9
Let x = -796 + 805. Let k = 12 + 13. What is the remainder when k is divided by x?
7
Let h be -4*(-9)/12*2. What is the remainder when 52 is divided by -1 + (-3 + h)*4?
8
Let d(c) = -48*c**3 + c**2 - c. Let n(p) = p**3 - 3*p**2 + 5. Let t be n(4). What is the remainder when d(-1) is divided by (-4)/(-14) - (-267)/t?
11
Let g = -88 - -96. Suppose v - 6 = -10*c + g*c, -3*c + 16 = -2*v. Calculate the remainder when 34 is divided by c.
2
Let i(v) = 3 - 7*v - 5 + 3. Let g(l) = -6*l - 7. What is the remainder when g(-6) is divided by i(-1)?
5
Let x = 99 + -30. Let y = -26 - -44. What is the remainder when x is divided by y?
15
Suppose 19*s + 737 = 20*s - 2*j, 5*s = 5*j + 3685. What is the remainder when s is divided by 41?
40
Suppose -5*j - 23 - 8 = 4*l, j - 9 = 3*l. Let p be (-1)/l + 3421/(-4). What is the remainder when 90 is divided by (-2)/3 + p/(-27)?
28
Let n = 16 + 66. Suppose 5*u - 4*q = 6*u - 5, -5*u + 79 = 2*q. Calculate the remainder when n is divided by u.
14
Suppose 47*i = 41*i + 84. What is the remainder when 3/6 + 135/2 is divided by i?
12
Let d = -19 - -194. Suppose d = -5*n + 10*n. What is the remainder when 103 is divided by n?
33
Calculate the remainder when (50/2)/(36/72) is divided by 25.
0
Let l(g) = -4*g - 1. Let w be l(-1). Suppose 63 = -w*h + 6*h. Calculate the remainder when (-15)/(-5)*38/3 is divided by h.
17
Let o(h) = 4*h**2 - 6. Suppose 4*g - g = 114. Calculate the remainder when g is divided by o(2).
8
Calculate the remainder when ((-26)/(-9))/13 - (-3722)/18 is divided by 20.
7
Suppose 3*m - m = 68. Let q = 33 - -104. Let a = 146 - q. What is the remainder when m is divided by a?
7
Suppose -4*v + 5*u + 536 = -24, 5*v = -5*u + 745. Calculate the remainder when v is divided by 23.
7
Let a(w) = -4*w - 2. Let g be a(-10). Let i(c) = 13*c**2 + 1. What is the remainder when i(1) is divided by 194/g - (-4)/(-38)?
4
Let q be (-3)/(-2)*70/3. Suppose -3*o + 15 = -3*d, 4*o - q = -2*d + d. What is the remainder when 46 is divided by o?
6
Let w = -18 + 27. Let x = w + 3. What is the remainder when 20 is divided by x?
8
Let c = 82 - 76. Calculate the remainder when 108 is divided by c.
0
Suppose 0 = -9*o + 6*o + 114. Let q = o + -3. Let w = 12 - 3. What is the remainder when q is divided by w?
8
What is the remainder when (-72)/10*(-35)/(-42)*-39 is divided by 30?
24
Let f be (-51)/(-2 - -1) + 4 + -1. Suppose 23*r + f = 29*r. Calculate the remainder when r is divided by 3.
0
Suppose 0 = -4*r + 20, 2*v - 14 = -r + 7. Suppose i - 9 = -21. Calculate the remainder when v is divided by (-13)/(-3) + i/(-18).
3
Let j = -659 - -744. Calculate the remainder when 158 is divided by j.
